= -0*s - s. Let q = s - -194. Let h = q + 729. Is h composite?
False
Let v(s) = 49696*s + 9377. Is v(7) prime?
False
Suppose 2*b - 2115080 = -c, 2*b = 4*c + 131291 + 1983819. Is b a composite number?
True
Is (-4*1/(-36))/((-5323548)/(-1330884) + -4) prime?
True
Suppose -4*z - 212164 - 57263 = -3*v, v - z = 89809. Is v a composite number?
False
Let s(d) = d**3 + 19*d**2 + 33*d - 33. Let n be s(-17). Is (-2)/n - 64260/(-224) a prime number?
False
Let i(s) = s**3 + 27*s**2 - 17*s + 19. Suppose 2*k = -15 - 155. Let z = k + 61. Is i(z) a composite number?
True
Suppose 4*b - 11 = -3. Let l = 209 - 100. Suppose 4*d - 496 = -4*c, -b*d - l = -2*c - 337. Is d composite?
True
Let w(u) = -33152*u - 15. Is w(-1) composite?
True
Let n(g) = 3*g. Let s(k) = -k**2 + 3*k + 1. Let o be s(3). Let v be n(o). Suppose 0*d + v*d = -a + 293, a - 293 = -d. Is a a composite number?
False
Suppose 22 - 6 = 8*t. Suppose 0 = w - 1 - 11. Is 522 - w/4 - t a composite number?
True
Suppose -r + 3405 = -4*r. Suppose -2*i = -2*f - 3194, 3*f - 1405 = -2*i - 6221. Let o = r - f. Is o composite?
False
Suppose 2*q - 12 = y, -3*y + 4 = 5*q - 3*q. Suppose q*a = -k + 336, 0 = 3*k - 2*k + 3*a - 334. Is k a prime number?
True
Suppose -2*r = -164103 - 113991 - 53072. Is r a composite number?
True
Let i = 60854 + 137415. Suppose -20*l + i = -774951. Is l a prime number?
True
Suppose b - 4*b + 2956 = 2*p, -3*p = b - 976. Suppose 23644 = 4*f - b. Suppose -5*x = -7*x + f. Is x a composite number?
False
Let z(l) = l**2 + 20*l - 15. Let c be z(-21). Suppose -2*j - c = -14. Suppose j*v - 52 = 32. Is v prime?
False
Is 12 + 1120/(-98) - (4 + 2276266/(-14)) composite?
True
Suppose t = 3*z - 10881, 3*t - 1542 = -z + 2085. Suppose -q = z - 10477. Suppose 11157 = 11*j - q. Is j prime?
True
Is -129*(-11)/99*-1*-56517 a prime number?
False
Let f(x) = 2*x + 16. Let k(r) = -4*r - 33. Let p(b) = 13*f(b) + 6*k(b). Let j be p(-3). Suppose -763 = -5*n + j*n. Is n composite?
True
Suppose 7*m - 26 = 2. Suppose m*o - 12 = 0, -4*o = -5*t - 21000 + 57073. Is t a prime number?
False
Suppose -23*g + 7*g = -112. Suppose -g*r + 2*r + 5*y = -37575, 4 = 2*y. Is r a composite number?
False
Suppose -7 = -u - 4*v, 2*u - 5*v + 21 = 22. Suppose -2*z + 38735 = 3*k - 6*k, -u*z = -5*k - 58102. Is z a composite number?
True
Is (4 - 2) + (297 + -3)*1099/14 a composite number?
False
Suppose 51 = 7*o + 30. Suppose 0 = 3*s + 5*a - 1417, -o*a - 786 = -4*s + 1142. Is s composite?
False
Let v(x) = 183*x**2 + 274*x - 1716. Is v(71) prime?
True
Suppose 4*l + 808708 = 2*q + 83398, -3*l - 725311 = -2*q. Is q composite?
False
Suppose 7*v = 735 + 49. Let k = v - 100. Is (1 + -2 - -2704) + 24/k a prime number?
False
Suppose 21*g + 22708 = -7*g. Is ((-65)/5 + 12)*(g - 0) composite?
False
Let s(t) = 7*t**3 - 7*t**2 + 6*t - 5. Let o(k) = k**3 - 11*k**2 - 13*k + 10. Let h be o(12). Let w = 2 - h. Is s(w) prime?
False
Let y = 6 - 6. Suppose y = -4*f - 2*u + 83 + 53, f + u - 32 = 0. Is 186/(-4)*(-3)/(f/8) a prime number?
True
Let f = -186361 - -374972. Is f a prime number?
False
Let w(y) = y**3 - y**2 + 28*y - 18. Let g(z) = z**2 + 11*z - 5. Let o be g(-11). Let u(p) = 3*p + 28. Let a be u(o). Is w(a) a composite number?
True
Let u(y) = 3*y + 58. Let o be u(-11). Suppose 5*i = o - 5, 5*i - 5293 = -q. Is q prime?
True
Suppose -21791 = 36*h - 167555. Is h composite?
False
Let x(y) = 3*y**3 - 13*y**2 + 23*y - 5. Suppose -5*q - 4*b + 118 = 0, 3*q - 39 = -b + 29. Is x(q) a prime number?
True
Let w be ((-6)/4*(-47148)/(-18))/1. Let y = 2588 + w. Let i = y + 3920. Is i prime?
True
Let u = -10640 - -23099. Is u a prime number?
False
Let h = 4892 - 6539. Let f be (347/(-1))/(1/10). Let v = h - f. Is v a prime number?
True
Is (-272830)/(-2) + 2*-2*(-26)/52 prime?
True
Is (-1 - 9184554/(-22)) + (-2442)/(-8954) prime?
True
Let i be ((-6)/(-4))/((-3)/(-6)). Suppose -i*j - 2762 = -9854. Is j/20 + 20/25 prime?
False
Suppose k - 2887 = 5*s, -3*k + 9411 - 807 = 4*s. Suppose c + 3*t + k = 2*c, -t - 5754 = -2*c. Is c prime?
False
Suppose 38*s + 4*d - 795376 = 34*s, 397697 = 2*s - d. Is s composite?
True
Suppose 88*l - 1299432 = 64*l. Is l prime?
False
Suppose -11 = -436*j + 435*j. Is 2/j - (-278681)/143 a composite number?
False
Suppose -2*l - 3*q = -25, 0 = 4*l - 0*q - q - 57. Let y be (10 - l)*2/4. Is 30/(-40)*(-46 + y/(-1)) a composite number?
True
Let n be (-133)/(-2)*692/(-346). Let d be -2*((-3)/(-2))/3. Is (d - -1) + n/(-1) + 1 prime?
False
Let c = 26 + 61. Let v = c - 0. Is v prime?
False
Is ((22055/(-10))/1)/(1/4*-2) prime?
False
Suppose -37*t = -42*t + 20, -3*t = 5*a + 28. Is (-4)/a - (-11140)/8 a composite number?
True
Let h(q) = 27*q - 154. Let i be h(7). Is 5/((-15)/i - 5952/(-13839)) a prime number?
False
Let n be 154/(-44)*(-8)/7. Let s(w) = 2693*w**2 + 30*w - 139. Is s(n) a prime number?
False
Suppose 2*x - 2*u = 73144, -158718 + 12416 = -4*x - 3*u. Is x a prime number?
False
Let n(l) = 8*l**2 - 29*l - 3266. Is n(125) composite?
True
Suppose 0 = 3*r - 4918 - 12275. Suppose -2*u = -r - 7039. Is u a prime number?
False
Suppose -w - w = -x - 27, -5*w - x + 71 = 0. Let s be (3 - (-136)/w) + 4/14. Suppose -y + 22 = -s. Is y a prime number?
False
Suppose -283055 = -5*y - 0*y + b, -3*b = 2*y - 113222. Is y a composite number?
False
Suppose -5*h = 15, 0 = 13*c - 9*c + 4*h - 208. Is 4 + c/(-10) - 24555/(-6) prime?
True
Suppose -s - 3*u + 10853 = 0, 17*s + 3*u = 15*s + 21700. Is s composite?
False
Let q be -1*10/(-4)*2. Let l be -1900*(4 - 22/q). Suppose y + y = -2*u + l, 5*u - 1897 = -2*y. Is u prime?
True
Is (10547/(-530))/((-3)/3810) a composite number?
True
Suppose -97312 + 2789414 = 49*m + 403361. Is m prime?
False
Let x be 5 + (3 + -1)/2. Let u be 3 + (-1208)/x*12/(-8). Suppose r = -0*r + u. Is r composite?
True
Is 35/37 - 1 - 221765229/(-16317) prime?
True
Suppose -4*c - 5 + 13 = 0. Suppose 0 = c*w - 111 + 1007. Let i = w + 1919. Is i composite?
False
Let n(c) = c**3 - 22*c**2 + 3. Let z be n(22). Suppose -p + z + 0 = 0. Suppose 2096 = h - d, 0 = 3*h - 2*h + p*d - 2108. Is h prime?
True
Is (-115819*(-4)/(-12))/(59/3 - 20) a composite number?
True
Let o(h) = 8*h - 12. Suppose -3*u = 2*u + 65. Let z be o(u). Let i = z - -433. Is i composite?
False
Let i(g) be the first derivative of 128*g**3/3 - g**2 - 5*g + 4. Is i(3) a composite number?
True
Let x(y) = -y**2 + y + 12. Let t be x(4). Suppose 11*i + 1426 - 29333 = t. Is i a composite number?
True
Let y = -601 + 604. Suppose 2*s = y*i - 2843, 4*s - 14 = 6. Is i composite?
True
Suppose 102*f - 106*f = -11452. Let n = f + -1136. Is n composite?
True
Let i = -27 - -63. Suppose -9*l - i = 18. Is (-889)/(-3*((-2)/l)/1) prime?
False
Is 92222/((1 - -6 - 8) + 3) a composite number?
True
Suppose -4*w = -5*w + 4*a + 97911, -w + 97913 = -2*a. Is w composite?
True
Is ((806/39)/31)/(4/3216846) composite?
False
Let m(r) = r**2 + 13*r + 28. Let n be m(-11). Is 97*((10 - -3) + n) a prime number?
False
Suppose -3958907 + 1095944 - 7609089 = -12*t. Is t a prime number?
True
Let r be (-1)/(3/9) - -5. Let d = -233 - -470. Suppose -5*s + d = -r*s. Is s prime?
True
Let x(k) = 720*k**2 - 8*k - 7. Let z = 286 + -283. Is x(z) a composite number?
False
Is (-17 - -12) + 125980 + -16 prime?
True
Suppose 25*m + 62892 = 37*m. Suppose 2*q - m = -5*k, -2*q + 5249 = 5*k - 4*q. Is k composite?
False
Suppose -r - 4*r + 30 = 0. Let x(g) = 16*g**2 + 20*g - 10. Let p be x(-14). Suppose r*l = p + 8758. Is l prime?
False
Let x = -367 - -43. Let o = x - -1213. Is o a composite number?
True
Let r = 629 - 202. Suppose 0 = -4*f + r + 253. Let d = f + 1211. Is d a composite number?
False
Is 60218/12*111 - (-16)/32 a prime number?
True
Let w = 1329953 - 728095. Is w composite?
True
Suppose -c + n = -37625, c - 56062 = 3*n - 18425. Is c composite?
False
Suppose 84 = -u - u. Let h be -65885*((-28)/u)/(10/(-6)). Suppose -5*k - j + 32937 = 0, -8*k - 3*j = -4*k - h. Is k a composite number?
True
Let b be (0 - (-1 - 4)) + 111. Suppose 115*i - b*i + 1279 = 0. Is i composite?
False
Let m be 2 - (-15 + 17)*-9*1. Is 1/(-4) + (1 - (-56885)/m) composite?
True
Suppose -4*n - 13*r = -12*r - 7115, n - 2*r - 1781 = 0. Suppose -5*m - 2*t = -8883, 0 = -2*m + 3*m - 2*t - n. Is m composite?
False
Suppose -2*t + 1067122 = 4*x, 774*t + 4*x + 1600593 = 777*t. Is t compos